prime number?
True
Is 3862787317 composite?
False
Is 4149049231 prime?
False
Is 430376689 prime?
False
Is 8159678123 prime?
False
Is 996949673 prime?
True
Is 2281799461 prime?
True
Is 415143677 prime?
False
Is 288887471 prime?
False
Is 221501857 a prime number?
False
Is 2750413637 a composite number?
False
Is 120702671 prime?
True
Is 43202313269 prime?
True
Is 10956683021 prime?
True
Is 166693561 prime?
True
Is 1225957429 composite?
True
Is 12347783423 prime?
True
Is 12997690319 a composite number?
True
Is 374923859 composite?
True
Is 50825082629 a composite number?
True
Is 387683578 a composite number?
True
Is 31528622383 composite?
True
Is 3718325021 a composite number?
False
Is 662472163 composite?
False
Is 1980687823 prime?
True
Is 10769421577 a prime number?
True
Is 8074958167 prime?
False
Is 477093319 a composite number?
True
Is 1164763739 a prime number?
False
Is 1180067573 composite?
False
Is 266734757 prime?
False
Is 26829996247 composite?
True
Is 21123604093 prime?
False
Is 262763869 composite?
False
Is 174080798105 prime?
False
Is 7463684959 a composite number?
False
Is 126724309 prime?
True
Is 1452606181 composite?
True
Is 43371775277 composite?
True
Is 58100903 composite?
True
Is 4479155369 prime?
False
Is 12969380003 composite?
True
Is 87795173017 a prime number?
True
Is 2848468895 a composite number?
True
Is 20539584029 prime?
False
Is 275763421 composite?
False
Is 12066287843 prime?
True
Is 104887919 a prime number?
True
Is 33879395549 a prime number?
False
Is 13158949561 prime?
True
Is 216467677 a prime number?
True
Is 3194284393 composite?
True
Is 9620128367 a composite number?
False
Is 93800041559 prime?
False
Is 42485077007 a composite number?
False
Is 15105252009 a prime number?
False
Is 975045341 a prime number?
False
Is 245115994 prime?
False
Is 348649517 prime?
True
Is 7547600309 composite?
True
Is 309282481 a composite number?
True
Is 2032623757 a prime number?
True
Is 81291779 a prime number?
True
Is 23320292167 composite?
False
Is 117605084251 prime?
True
Is 167334343 a composite number?
True
Is 1059111877 a prime number?
False
Is 718814573 a composite number?
False
Is 2617482943 prime?
True
Is 101581223 prime?
False
Is 13308499 prime?
False
Is 701965597 a composite number?
False
Is 15690333947 a composite number?
False
Is 4932913263 composite?
True
Is 429021361 composite?
False
Is 1115730853 composite?
False
Is 361218713 composite?
False
Is 46128014819 a composite number?
True
Is 3146542541 composite?
False
Is 104239036309 a composite number?
False
Is 52288176653 a prime number?
True
Is 18574638769 prime?
False
Is 19726564133 prime?
True
Is 112023713849 prime?
False
Is 316029943 prime?
True
Is 2418867617 a composite number?
True
Is 753666779 a prime number?
True
Is 1089886793 prime?
False
Is 1413057931 composite?
False
Is 63224971513 a prime number?
False
Is 42539344097 a prime number?
True
Is 4976623699 composite?
False
Is 107710315033 composite?
True
Is 220372041289 a prime number?
True
Is 2698177987 a composite number?
False
Is 1528186007 a prime number?
False
Is 742223749 composite?
False
Is 10254185623 prime?
False
Is 3101083697 composite?
False
Is 6274375277 composite?
True
Is 98194231501 a composite number?
False
Is 6730676143 composite?
True
Is 547818563 prime?
False
Is 414722281 prime?
True
Is 2192923693 composite?
False
Is 86094264781 a prime number?
False
Is 1106617273 prime?
False
Is 54131643197 a composite number?
True
Is 19512359429 a composite number?
True
Is 22722608879 prime?
True
Is 54014858753 a composite number?
False
Is 11921711011 a composite number?
True
Is 646631891 a prime number?
True
Is 90705676511 prime?
True
Is 5529229 prime?
True
Is 64697639 a prime number?
False
Is 31724486513 a composite number?
False
Is 15967780027 a prime number?
True
Is 741742877 a prime number?
True
Is 4528507273 prime?
True
Is 743852405 composite?
True
Is 87240808357 composite?
False
Is 18490779743 prime?
False
Is 1016192033 prime?
False
Is 3707209211 a prime number?
False
Is 33683748697 a composite number?
True
Is 2548710607 prime?
False
Is 7617156607 a prime number?
True
Is 1474970501 composite?
False
Is 1102589129 a composite number?
False
Is 48414289537 prime?
True
Is 72763093621 a prime number?
True
Is 2468549927 a prime number?
False
Is 166467857 a composite number?
True
Is 14842362841 a composite number?
False
Is 12393555857 a prime number?
False
Is 140413398721 prime?
True
Is 2291128031 prime?
False
Is 25760802157 a composite number?
False
Is 18565632463 composite?
True
Is 584544889 a composite number?
False
Is 292039183 a prime number?
True
Is 5072222693 composite?
False
Is 157534057 prime?
True
Is 2054323013 composite?
True
Is 5314898977 a prime number?
False
Is 1353282497 composite?
True
Is 1827978205 a prime number?
False
Is 3405833047 a prime number?
True
Is 460092091 a prime number?
True
Is 7906109569 composite?
True
Is 4580846247 composite?
True
Is 11511515537 prime?
False
Is 2715946211 a prime number?
False
Is 65630429 prime?
True
Is 35853523385 a composite number?
True
Is 116849776683 prime?
False
Is 1180253453 prime?
True
Is 24420569 a composite number?
False
Is 41559484003 composite?
False
Is 1638748861 a prime number?
True
Is 4758892885 composite?
True
Is 7976807351 prime?
True
Is 31183246483 a composite number?
True
Is 1093597943 prime?
False
Is 15915421087 a prime number?
True
Is 104863181 prime?
True
Is 8688542693 composite?
False
Is 10980341431 prime?
False
Is 2699754539 prime?
True
Is 16193113043 composite?
False
Is 355214333 a prime number?
True
Is 931555187 a composite number?
True
Is 42158074943 a prime number?
False
Is 2422102153 a composite number?
False
Is 328402247 composite?
False
Is 498579439 composite?
False
Is 14199787673 a composite number?
True
Is 24679336021 a composite number?
True
Is 146721455513 prime?
False
Is 313229557 prime?
True
Is 1192931951 a composite number?
False
Is 2727234781 a composite number?
False
Is 299259720139 prime?
True
Is 181878029 prime?
True
Is 6021244223 prime?
False
Is 143064584857 a prime number?
True
Is 12413401307 a composite number?
True
Is 1537490561 a prime number?
True
Is 7202068129 composite?
True
Is 807383393 prime?
True
Is 253515391 a composite number?
False
Is 1296506707 a prime number?
False
Is 18207604733 composite?
False
Is 4482863663 a prime number?
False
Is 1039784173 a composite number?
False
Is 196766057 prime?
False
Is 62859688961 a prime number?
True
Is 4356109859 prime?
False
Is 665583419 a composite number?
True
Is 1114446547 a prime number?
True
Is 11565756731 a composite number?
True
Is 36121953667 a prime number?
False
Is 58620297383 composite?
True
Is 14225371 a prime number?
True
Is 2034493961 a composite number?
False
Is 11974802365 composite?
True
Is 217323959 a composite number?
False
Is 8235916699 a composite number?
False
Is 33865556117 prime?
True
Is 710658755 a prime number?
False
Is 14940291941 a prime number?
True
Is 7823790749 a prime number?
True
Is 1985592533 a prime number?
True
Is 51869585947 composite?
True
Is 474943241 prime?
False
Is 677388433 prime?
False
Is 92342301367 composite?
False
Is 185552219 a prime number?
False
Is 22904965387 prime?
True
Is 59076680549 a prime number?
False
Is 74601827 a prime number?
False
Is 10477114447 prime?
True
Is 95529998663 prime?
False
Is 7057595299 prime?
False
Is 10990448467 a prime number?
False
Is 823641491 prime?
True
Is 1181912245 composite?
True
Is 25112954549 composite?
True
Is 144630077 composite?
True
Is 162490659 a composite number?
True
Is 1462313 a prime number?
True
Is 26713897211 a prime number?
True
Is 9744681581 a composite number?
False
Is 1979863439 composite?
False
Is 1181307247 composite?
False
Is 362356289107 a prime number?
True
Is 10357926403 a composite number?
True
Is 1396428719 a composite number?
True
Is 1303412686 a prime number?
False
Is 6193683523 a prime number?
True
Is 4859062547 prime?
False
Is 1367451677 a prime number?
True
Is 2107111183 a prime number?
True
Is 95208879281 composite?
True
Is 28199045707 a composite number?
True
Is 25302381497 a prime number?
False
Is 3872138057 a prime number?
False
Is 30034695003 a composite number?
True
Is 94646680337 prime?
False
Is 602639603 composite?
True
Is 1154761571 prime?
True
Is 12212